2232*b - 431. Is i(-15) composite?
False
Let j be (-441)/(-35) - (-4)/10. Let o(m) = -m**3 + 14*m**2 - 12*m - 10. Let f be o(j). Suppose c = 2*v - 24, f*v = 4*c + 7 + 19. Is v composite?
True
Let l(n) be the first derivative of 4*n**3/3 + n**2 + 2*n - 2. Let o be l(7). Let c = -99 + o. Is c a composite number?
False
Let v = -937 - -1946. Is v a prime number?
True
Suppose 0 = k - 4*z + 428, -2*k - 4*z - 868 = -0*k. Let a be ((-290)/(-6))/((-1)/(-15)). Let i = k + a. Is i prime?
True
Suppose 4*p = -2*g + 2, 10*g - 5*p = 7*g + 36. Suppose -3*s - 4244 = -g*s - 4*b, 2*b + 3183 = 3*s. Is s a composite number?
False
Suppose 0 = 3*h - 4*h - 10. Let s = h + 8. Is (-759)/(-6) + (-1)/s a composite number?
False
Is ((4 - 2) + -3030)*(-2)/8 a composite number?
False
Suppose 19 - 11 = -4*v. Is (-4824)/v + (-4 - -5) a prime number?
False
Let h(j) = j**3 - 2*j**2 - 10*j + 7. Let u be 1/(-2)*10/(-1). Suppose -u + 23 = 3*d. Is h(d) a prime number?
False
Let x(h) = h**3 - 3*h**2 + 6*h - 3. Suppose 3 = -s + 2*v - 0, 4*v = 3*s - 1. Let z(k) = k**2 - 4*k - 17. Let b be z(s). Is x(b) a prime number?
True
Let v be ((-8)/6)/((-2)/12). Let n = 10 - v. Suppose -n*f + 13 = 5. Is f prime?
False
Let k = -10 + 14. Is (-7)/((-917)/229 + k) a prime number?
False
Let o(a) = 260*a**3 + 8*a**2 - 4*a + 21. Is o(4) prime?
False
Let t(j) be the second derivative of -2*j**3/3 - 643*j**2/2 + j. Let u be t(0). Let d = 1530 + u. Is d composite?
False
Suppose -8*m = -705 + 1969. Let r = m - -367. Is r prime?
False
Let i(x) = x**3 - x**2 + 1. Let n = -23 + 22. Let r(b) = 2*b**3 - b**2 - 36. Let z(s) = n*r(s) + i(s). Is z(0) prime?
True
Let n be (4 - -24) + -2 + -1. Suppose -4*l - 5*y + n = 0, -4*y = 3*l - 2*l - 20. Suppose 0 = -2*p + 5*q + 654, q = -l*p + 5*p - 1635. Is p composite?
True
Suppose 2*c + 5647 = 3*c. Is c composite?
False
Suppose 19 = 5*j - 4*m, 2 = 2*j + 2*m - 2. Suppose 3*y - 6 = -j*c, 0 = -c + 2*c - 2*y + 13. Is (-1)/((c/1497)/1) a composite number?
False
Let s be 1/(-2) - (-21)/2. Is 48*s + (0 - -1) prime?
False
Let l = 1148 + 4805. Is l prime?
True
Let g = 27 + -23. Suppose 0 = -g*z + 4*m - 64, z = -3*z + m - 61. Is (-130)/z*138/4 composite?
True
Suppose -43692 = -7*d - 5*d. Is d a prime number?
False
Is 4782 + (2/8)/((-3)/(-12)) prime?
True
Let x(k) = -588*k - 1. Let d(q) = 2*q**2 - 10*q + 1. Let b be d(6). Let j = -14 + b. Is x(j) composite?
False
Suppose -3*t + 2*l = -23, -2*t + 0*l - l = -20. Let w(b) = 7*b**2 - 8 - 2*b - 7*b + t*b - 3*b - b**3. Is w(6) composite?
True
Let w = 4977 - 1986. Is w composite?
True
Suppose 3*v - 4*a - 6999 = 0, -45*a + 47*a = v - 2333. Is v composite?
False
Let g(q) = -5*q**3 + 9*q**2 - 7*q - 19. Let i(t) = -3*t**3 + 4*t**2 - 4*t - 10. Suppose 3*a + 5 = -16. Let b(k) = a*i(k) + 4*g(k). Is b(-5) prime?
False
Let n(x) = -6*x + 2. Let d be n(6). Let g = d - 80. Is 2 - g - (-1)/(-1) a composite number?
True
Let d(k) = 3495*k + 584. Is d(11) prime?
False
Let f(i) = 38 + 4*i + 2*i + i - 11. Is f(8) a prime number?
True
Let i(y) = -352*y - 209. Is i(-13) a composite number?
True
Let a = 6084 + -3563. Is a composite?
False
Let b be (-1 - -8) + -1 + 0. Suppose -37*r = -58*r - 63. Is 1827/b + r/(-6) composite?
True
Suppose -4*j = -u + 3*u - 376, -5*u - 3*j = -940. Suppose 3*l + q - 5*q + 136 = 0, -4*l + 4*q = u. Let p = l + 135. Is p prime?
True
Suppose 101*a - 1800289 = 1274656. Is a a prime number?
False
Is 9112/2 - (-54)/(-6) a composite number?
False
Let f be -22 - -23 - (-2 + 1 - 1). Suppose -c = -2*y - 10 + f, -4*y = c - 31. Is c a prime number?
False
Suppose 0*b + 13*b = -5226. Let g = 2735 + b. Is g a prime number?
True
Let g(n) = -36*n**2 - 4*n - 5. Let v(u) = -u**2 - 1. Let t(d) = -g(d) + 6*v(d). Is t(-3) composite?
False
Suppose d - 3*d + 886 = 0. Let b = d - 54. Is b prime?
True
Let c be 1539/21 - (-12)/(-42). Let u = 1384 + c. Is u prime?
False
Let y(m) = -1824*m - 419. Is y(-10) prime?
False
Is 1298*2*1/4 prime?
False
Suppose 0 = 4*h - 5*r - 19, 0*h - h = -r - 5. Suppose 2*d + h = 3*u, -5*u - 24 = 2*d - 2. Let x(m) = -m**3 - 3*m**2 - 8*m + 1. Is x(d) composite?
False
Let b be (-4)/(-14) + 52/14. Suppose 0 = 36*c - 21*c - 15. Is (b - 4 - c) + 1118 prime?
True
Let o(n) = 1146*n + 5. Suppose j + 1 - 2 = 0. Is o(j) prime?
True
Let l = -11 + 15. Suppose 2*u + i - 165 = 0, -3*u + l*i + 282 = 40. Suppose -2*y + 392 = -u. Is y a composite number?
True
Let q = -21 + 18. Let f be 2/q - (-1253)/21. Let a = f + 20. Is a a composite number?
False
Let s = -2929 - -13620. Is s prime?
True
Let w(p) = -3*p**3 + 3*p**2 + p + 9. Let z be w(-4). Suppose 10*y - 2265 + z = 0. Is y a composite number?
True
Let a = -4731 + 9306. Let r = a + -2728. Is r a prime number?
True
Suppose -49*g + 143131 = -8*g. Is g a composite number?
False
Suppose 162 = 2*f - 3*f - 2*q, 0 = f - 2*q + 158. Let l = -74 - f. Suppose -100 - l = -6*p. Is p a composite number?
False
Let q be (-2 + -2)*(58 - -2). Let s = 491 + q. Is s a composite number?
False
Is 560 + 4/((-8)/(-6)) composite?
False
Suppose -5300 = 31*q - 51*q. Is q composite?
True
Let g(f) = 5*f - 4*f**2 - 15 + 7*f**2 + 6*f + 4*f. Is g(-18) composite?
True
Suppose -2*s = -3 - 3. Let n be 1/s*(8 + 4). Let b = n + 49. Is b a composite number?
False
Suppose -38*z = -56718 - 26084. Is z a prime number?
True
Let z = 47 - 20. Let o be (-11 - 2)*z/3. Let p = -78 - o. Is p prime?
False
Let a = -1980 - -5386. Suppose -4*k + c + a = 0, 5*k - k = -c + 3402. Is k a prime number?
False
Suppose -5*c - 3*l - 19342 = -7*c, 4*l + 19338 = 2*c. Is c prime?
True
Let f(y) = -y + 0 + 1626*y**2 + 1 - 2 - 261*y**2. Is f(1) composite?
True
Let v = -14249 - -27802. Is v a composite number?
False
Suppose -r + 3*n + 7056 = 0, 5*n = -r + n + 7091. Is r a prime number?
False
Suppose 12 = 2*h - 2*s, 2*h + s - 4 = h. Suppose -2*a = 3*j - 1349, 0 = 2*a - 0*a - h*j - 1309. Is a prime?
False
Suppose -3*y - 2*z - 10 = 0, 3*y + y + z = -5. Suppose 3*h - 24 = -5*j, y = 2*j - 0*h - 2*h. Is j + (2 - -80 - 2) a composite number?
False
Is (-1)/(5 - -1) + (-269912)/(-48) prime?
True
Is (-1)/(0 + 1/(-7121)) prime?
True
Let s(v) = 900*v**2 + 18*v - 58. Is s(4) composite?
True
Suppose -3*b - 5*z = -b - 4121, 0 = b - 5*z - 2038. Is b a prime number?
True
Let l = 12 + -10. Suppose -407 = -l*y + 647. Is y prime?
False
Suppose 8*h - 55 = 3*h. Suppose 41 = 2*q + h. Suppose -x + 2*c = -185, 2*c = 3*x - 582 + q. Is x a composite number?
False
Suppose 0 = -16*r + 20*r + 8. Is 2/8*r - 822/(-4) prime?
False
Let q(h) = 21*h**2 + h - 15. Let p be (-14)/3*21/14. Is q(p) prime?
False
Let m(f) = 3*f**2 - 94*f - 21. Is m(-28) prime?
False
Suppose -5*w - 45 = 35. Let p be -4 + 4/w*0. Let b(k) = -7*k**3 - 2*k**2 + 6*k + 3. Is b(p) a prime number?
False
Let u = 25 - 23. Let k(h) = 6 - 5*h - 18 + 13*h**u + h. Is k(5) prime?
True
Suppose 5*n - 46192 = -3*o, -3*n + 5*o + 5080 + 22642 = 0. Is n prime?
True
Suppose 0 = -5*w + 2*y - 5*y + 43300, -5*y - 34677 = -4*w. Is w a composite number?
False
Suppose -3558 = -2*f + d + d, 0 = 3*d + 6. Is f a composite number?
False
Is (72/9 - 7)*(-3 + 22570) a composite number?
False
Suppose 3*q = 13*q - 57910. Is q a composite number?
False
Let z = 1565 + 236. Is z a prime number?
True
Suppose 5*q - 14 = 51. Is (-34)/(-4)*78/q composite?
True
Let v = 9 - 0. Let k be (-3)/v + (-16)/(-3). Suppose -705 = -k*o - 2*w, -2*w + 3 = 13. Is o a prime number?
False
Let s(l) = 7*l**3 - 6*l + 7 + 24*l**2 - 6*l**3 - 7*l**2. Let d be s(-9). Let i = d - 496. Is i a composite number?
True
Suppose -5*a + s + 13 = 0, -4*a + 3*s = -18 + 1. Suppose 0 = -4*g + g. Suppose -a*v = -o - 77, -3*v - o + g*o + 113 = 0. Is v a prime number?
False
Suppose 10*j - 87439 + 4129 = 0. Is j a prime number?
False
Let p = -2 - -6. Suppose -1996 = -p*n + 4*r, -2*n - n = 5*r - 1497. Is n a composite number?
False
Suppose -a + 2980 = -3*j, -8920 = -3*a - 0*j + 4*j. Let t = a + -2091. Is t composite?
False
Let a = 3109 + -1784. Suppose 0 = -2*p + 7*p - a. Is p a prime number?
False
Let n = 82105 + -41528. Is n a prime number?
True
Suppose h - 161 = 126. Let t = 135 + h. Suppose 2*g = -0*g + t. Is g a prime number?
True
Suppose -2*b = 52 - 10. Is 977/((-24)/b + 3/(-21)) prime?
True
Suppose -10*m + 8*m + 2 = 0. Suppose 0*d = -d - m. Is (-1 + d)*2214/(-36) prime?
False
Let u = 46939 - 33078